{"id":273,"date":"2017-01-22T20:23:13","date_gmt":"2017-01-22T20:23:13","guid":{"rendered":"http:\/\/www.laracchetta.eu\/racchetta\/?page_id=273"},"modified":"2020-11-29T22:40:32","modified_gmt":"2020-11-29T20:40:32","slug":"diventa-volontario","status":"publish","type":"page","link":"https:\/\/laracchetta.eu\/racchetta\/?page_id=273","title":{"rendered":"Diventa Volontario"},"content":{"rendered":"<p align=\"center\"><span style=\"font-size: x-large;\">Iscriversi all&#8217;associazione<\/span><\/p>\n<p align=\"center\">\n<p class=\"left1\"><strong>Chi pu\u00f2 iscriversi<\/strong><\/p>\n<ul>\n<li>Tutti, indipendentemente dall&#8217;et\u00e0 e dal sesso, possono iscriversi all&#8217;associazione LA RACCHETTA.<\/li>\n<li>In relazione all&#8217;et\u00e0, alle richieste del nuovo socio e, nel caso di soci ordinari, alla visita medica effettuata in base alla legge regionale del volontariato i soci potranno partecipare ai vari momenti della vita dell&#8217;associazione.<\/li>\n<li>In relazione all&#8217;et\u00e0 il socio potr\u00e0 essere aggregato, sostenitore, ordinario.<\/li>\n<\/ul>\n<p class=\"left1\"><strong>Quanto costa<\/strong><\/p>\n<ul>\n<li>La quota annuale per i soci ordinari \u00e8 di \u20ac 5,00<\/li>\n<\/ul>\n<p class=\"left1\"><strong>Avvertenze<\/strong><\/p>\n<ul>\n<li>L&#8217;associazione non richiede ai soci un minimo di tempo da dedicare agli scopi statutari; ogni socio \u00e8 libero di prestare la propria opera nei modi e nei tempi che ritiene pi\u00f9 convenienti.<\/li>\n<li>Il nuovo socio, della categoria ordinari, deve comunque tener presente che l&#8217;attivit\u00e0 di antincendio boschivo non \u00e8 a priori programmabile e quantificabile ed inoltre richiede uno sforzo fisico non indifferente.\n<ul>\n<li>A questo scopo i soci sono sottoposti ogni anno ad una visita medica di tipo medicina dello sport, a cura della Regione Toscana, che ne certifica l&#8217;idoneit\u00e0 al servizio di repressione incendi.<\/li>\n<\/ul>\n<\/li>\n<li>Il nuovo socio dovr\u00e0 scegliere la sezione a cui partecipare. E&#8217; possibile anche in seguito cambiare la sezione di appartenenza.<\/li>\n<\/ul>\n<p class=\"left1\"><strong>Per diventare socio<\/strong><\/p>\n<p>Si pu\u00f2 scegliere una delle seguenti modalit\u00e0 per iscriversi e per avere ulteriori notizie sulle modalit\u00e0 di associazione:<\/p>\n<ol>\n<li>Compilare il modello a questa pagina\u00a0<a href=\"http:\/\/www.laracchetta.eu\/racchetta\/form-iscrizione\/\">Clicca Qui<\/a><\/li>\n<li>Effettuare il download della\u00a0<a href=\"https:\/\/www.laracchetta.eu\/racchetta\/Media\/Domanda%20Iscrizione%20versione%202014.pdf\"><b>domanda di iscrizione<\/b><\/a>\u00a0(formato PDF) ed inviarlo ad uno dei recapiti con 2 foto formato tessera.<\/li>\n<li>Recarsi direttamente in una delle sezioni negli orari di segreteria (telefonare prima per assicurarsi dell&#8217;orario).<\/li>\n<\/ol>\n<p>Nei casi 1 e 3 occorre comunque presentarsi di persona ad uno dei recapiti per fare conoscenza e presentare gli ulteriori documenti richiesti in originale (se necessari alla categoria richiesta).<\/p>\n","protected":false},"excerpt":{"rendered":"<p>Iscriversi all&#8217;associazione Chi pu\u00f2 iscriversi Tutti, indipendentemente dall&#8217;et\u00e0 e dal sesso, possono iscriversi all&#8217;associazione LA RACCHETTA. In relazione all&#8217;et\u00e0, alle richieste del nuovo socio e, nel caso di soci ordinari, [&hellip;]<\/p>\n","protected":false},"author":1,"featured_media":0,"parent":0,"menu_order":0,"comment_status":"closed","ping_status":"closed","template":"","meta":{"footnotes":""},"class_list":["post-273","page","type-page","status-publish","hentry"],"yoast_head":"<!-- This site is optimized with the Yoast SEO plugin v25.0 - https:\/\/yoast.com\/wordpress\/plugins\/seo\/ -->\n<title>Diventa Volontario - La Racchetta ODV<\/title>\n<meta name=\"robots\" content=\"index, follow, max-snippet:-1, max-image-preview:large, max-video-preview:-1\" \/>\n<link rel=\"canonical\" href=\"https:\/\/laracchetta.eu\/racchetta\/?page_id=273\" \/>\n<meta property=\"og:locale\" content=\"it_IT\" \/>\n<meta property=\"og:type\" content=\"article\" \/>\n<meta property=\"og:title\" content=\"Diventa Volontario - La Racchetta ODV\" \/>\n<meta property=\"og:description\" content=\"Iscriversi all&#8217;associazione Chi pu\u00f2 iscriversi Tutti, indipendentemente dall&#8217;et\u00e0 e dal sesso, possono iscriversi all&#8217;associazione LA RACCHETTA. In relazione all&#8217;et\u00e0, alle richieste del nuovo socio e, nel caso di soci ordinari, [&hellip;]\" \/>\n<meta property=\"og:url\" content=\"https:\/\/laracchetta.eu\/racchetta\/?page_id=273\" \/>\n<meta property=\"og:site_name\" content=\"La Racchetta ODV\" \/>\n<meta property=\"article:publisher\" content=\"https:\/\/www.facebook.com\/LaRacchettaODV\" \/>\n<meta property=\"article:modified_time\" content=\"2020-11-29T20:40:32+00:00\" \/>\n<meta name=\"twitter:card\" content=\"summary_large_image\" \/>\n<meta name=\"twitter:label1\" content=\"Tempo di lettura stimato\" \/>\n\t<meta name=\"twitter:data1\" content=\"1 minuto\" \/>\n<script type=\"application\/ld+json\" class=\"yoast-schema-graph\">{\"@context\":\"https:\/\/schema.org\",\"@graph\":[{\"@type\":\"WebPage\",\"@id\":\"https:\/\/laracchetta.eu\/racchetta\/?page_id=273\",\"url\":\"https:\/\/laracchetta.eu\/racchetta\/?page_id=273\",\"name\":\"Diventa Volontario - La Racchetta ODV\",\"isPartOf\":{\"@id\":\"https:\/\/laracchetta.eu\/racchetta\/#website\"},\"datePublished\":\"2017-01-22T20:23:13+00:00\",\"dateModified\":\"2020-11-29T20:40:32+00:00\",\"breadcrumb\":{\"@id\":\"https:\/\/laracchetta.eu\/racchetta\/?page_id=273#breadcrumb\"},\"inLanguage\":\"it-IT\",\"potentialAction\":[{\"@type\":\"ReadAction\",\"target\":[\"https:\/\/laracchetta.eu\/racchetta\/?page_id=273\"]}]},{\"@type\":\"BreadcrumbList\",\"@id\":\"https:\/\/laracchetta.eu\/racchetta\/?page_id=273#breadcrumb\",\"itemListElement\":[{\"@type\":\"ListItem\",\"position\":1,\"name\":\"Home\",\"item\":\"https:\/\/laracchetta.eu\/racchetta\/\"},{\"@type\":\"ListItem\",\"position\":2,\"name\":\"Diventa Volontario\"}]},{\"@type\":\"WebSite\",\"@id\":\"https:\/\/laracchetta.eu\/racchetta\/#website\",\"url\":\"https:\/\/laracchetta.eu\/racchetta\/\",\"name\":\"La Racchetta ODV\",\"description\":\"Organizzazione di Volontariato - Antincendio Boschivo e Protezione Civile\",\"publisher\":{\"@id\":\"https:\/\/laracchetta.eu\/racchetta\/#organization\"},\"potentialAction\":[{\"@type\":\"SearchAction\",\"target\":{\"@type\":\"EntryPoint\",\"urlTemplate\":\"https:\/\/laracchetta.eu\/racchetta\/?s={search_term_string}\"},\"query-input\":{\"@type\":\"PropertyValueSpecification\",\"valueRequired\":true,\"valueName\":\"search_term_string\"}}],\"inLanguage\":\"it-IT\"},{\"@type\":\"Organization\",\"@id\":\"https:\/\/laracchetta.eu\/racchetta\/#organization\",\"name\":\"La Racchetta Odv\",\"url\":\"https:\/\/laracchetta.eu\/racchetta\/\",\"logo\":{\"@type\":\"ImageObject\",\"inLanguage\":\"it-IT\",\"@id\":\"https:\/\/laracchetta.eu\/racchetta\/#\/schema\/logo\/image\/\",\"url\":\"https:\/\/i0.wp.com\/laracchetta.eu\/racchetta\/wp-content\/uploads\/2017\/01\/logo-racchetta.png?fit=2237%2C2159&ssl=1\",\"contentUrl\":\"https:\/\/i0.wp.com\/laracchetta.eu\/racchetta\/wp-content\/uploads\/2017\/01\/logo-racchetta.png?fit=2237%2C2159&ssl=1\",\"width\":2237,\"height\":2159,\"caption\":\"La Racchetta Odv\"},\"image\":{\"@id\":\"https:\/\/laracchetta.eu\/racchetta\/#\/schema\/logo\/image\/\"},\"sameAs\":[\"https:\/\/www.facebook.com\/LaRacchettaODV\",\"https:\/\/www.instagram.com\/laracchettaodv\/\"]}]}<\/script>\n<!-- \/ Yoast SEO plugin. -->","yoast_head_json":{"title":"Diventa Volontario - La Racchetta ODV","robots":{"index":"index","follow":"follow","max-snippet":"max-snippet:-1","max-image-preview":"max-image-preview:large","max-video-preview":"max-video-preview:-1"},"canonical":"https:\/\/laracchetta.eu\/racchetta\/?page_id=273","og_locale":"it_IT","og_type":"article","og_title":"Diventa Volontario - La Racchetta ODV","og_description":"Iscriversi all&#8217;associazione Chi pu\u00f2 iscriversi Tutti, indipendentemente dall&#8217;et\u00e0 e dal sesso, possono iscriversi all&#8217;associazione LA RACCHETTA. In relazione all&#8217;et\u00e0, alle richieste del nuovo socio e, nel caso di soci ordinari, [&hellip;]","og_url":"https:\/\/laracchetta.eu\/racchetta\/?page_id=273","og_site_name":"La Racchetta ODV","article_publisher":"https:\/\/www.facebook.com\/LaRacchettaODV","article_modified_time":"2020-11-29T20:40:32+00:00","twitter_card":"summary_large_image","twitter_misc":{"Tempo di lettura stimato":"1 minuto"},"schema":{"@context":"https:\/\/schema.org","@graph":[{"@type":"WebPage","@id":"https:\/\/laracchetta.eu\/racchetta\/?page_id=273","url":"https:\/\/laracchetta.eu\/racchetta\/?page_id=273","name":"Diventa Volontario - La Racchetta ODV","isPartOf":{"@id":"https:\/\/laracchetta.eu\/racchetta\/#website"},"datePublished":"2017-01-22T20:23:13+00:00","dateModified":"2020-11-29T20:40:32+00:00","breadcrumb":{"@id":"https:\/\/laracchetta.eu\/racchetta\/?page_id=273#breadcrumb"},"inLanguage":"it-IT","potentialAction":[{"@type":"ReadAction","target":["https:\/\/laracchetta.eu\/racchetta\/?page_id=273"]}]},{"@type":"BreadcrumbList","@id":"https:\/\/laracchetta.eu\/racchetta\/?page_id=273#breadcrumb","itemListElement":[{"@type":"ListItem","position":1,"name":"Home","item":"https:\/\/laracchetta.eu\/racchetta\/"},{"@type":"ListItem","position":2,"name":"Diventa Volontario"}]},{"@type":"WebSite","@id":"https:\/\/laracchetta.eu\/racchetta\/#website","url":"https:\/\/laracchetta.eu\/racchetta\/","name":"La Racchetta ODV","description":"Organizzazione di Volontariato - Antincendio Boschivo e Protezione Civile","publisher":{"@id":"https:\/\/laracchetta.eu\/racchetta\/#organization"},"potentialAction":[{"@type":"SearchAction","target":{"@type":"EntryPoint","urlTemplate":"https:\/\/laracchetta.eu\/racchetta\/?s={search_term_string}"},"query-input":{"@type":"PropertyValueSpecification","valueRequired":true,"valueName":"search_term_string"}}],"inLanguage":"it-IT"},{"@type":"Organization","@id":"https:\/\/laracchetta.eu\/racchetta\/#organization","name":"La Racchetta Odv","url":"https:\/\/laracchetta.eu\/racchetta\/","logo":{"@type":"ImageObject","inLanguage":"it-IT","@id":"https:\/\/laracchetta.eu\/racchetta\/#\/schema\/logo\/image\/","url":"https:\/\/i0.wp.com\/laracchetta.eu\/racchetta\/wp-content\/uploads\/2017\/01\/logo-racchetta.png?fit=2237%2C2159&ssl=1","contentUrl":"https:\/\/i0.wp.com\/laracchetta.eu\/racchetta\/wp-content\/uploads\/2017\/01\/logo-racchetta.png?fit=2237%2C2159&ssl=1","width":2237,"height":2159,"caption":"La Racchetta Odv"},"image":{"@id":"https:\/\/laracchetta.eu\/racchetta\/#\/schema\/logo\/image\/"},"sameAs":["https:\/\/www.facebook.com\/LaRacchettaODV","https:\/\/www.instagram.com\/laracchettaodv\/"]}]}},"_links":{"self":[{"href":"https:\/\/laracchetta.eu\/racchetta\/index.php?rest_route=\/wp\/v2\/pages\/273","targetHints":{"allow":["GET"]}}],"collection":[{"href":"https:\/\/laracchetta.eu\/racchetta\/index.php?rest_route=\/wp\/v2\/pages"}],"about":[{"href":"https:\/\/laracchetta.eu\/racchetta\/index.php?rest_route=\/wp\/v2\/types\/page"}],"author":[{"embeddable":true,"href":"https:\/\/laracchetta.eu\/racchetta\/index.php?rest_route=\/wp\/v2\/users\/1"}],"replies":[{"embeddable":true,"href":"https:\/\/laracchetta.eu\/racchetta\/index.php?rest_route=%2Fwp%2Fv2%2Fcomments&post=273"}],"version-history":[{"count":5,"href":"https:\/\/laracchetta.eu\/racchetta\/index.php?rest_route=\/wp\/v2\/pages\/273\/revisions"}],"predecessor-version":[{"id":1722,"href":"https:\/\/laracchetta.eu\/racchetta\/index.php?rest_route=\/wp\/v2\/pages\/273\/revisions\/1722"}],"wp:attachment":[{"href":"https:\/\/laracchetta.eu\/racchetta\/index.php?rest_route=%2Fwp%2Fv2%2Fmedia&parent=273"}],"curies":[{"name":"wp","href":"https:\/\/api.w.org\/{rel}","templated":true}]}}